{"id":2,"date":"2016-08-09T09:09:17","date_gmt":"2016-08-09T07:09:17","guid":{"rendered":"http:\/\/www.komsg.ch\/s4b\/?page_id=2"},"modified":"2016-09-08T11:20:16","modified_gmt":"2016-09-08T09:20:16","slug":"beispiel-seite","status":"publish","type":"page","link":"https:\/\/www.komsg.ch\/s4b\/","title":{"rendered":"KOMSG &#8211; SKYPE FOR BUSINESS"},"content":{"rendered":"<p>&nbsp;<\/p>\n<h2>PROFILBILD F\u00dcR SKYPE FOR BUSINESS<\/h2>\n<p>Ihr Profilbild kann sicher innerhalb eines passwortgesch\u00fctzten Bereichs der KOM SG Webseite hochgeladen werden. \u00dcber die KOM SG Webseite k\u00f6nnen Sie zudem Ihr eigenes Profilbild selbst verwalten, l\u00f6schen und \u00e4ndern.<\/p>\n<p>&nbsp;<\/p>\n<p>Wir bitten Sie, ein Business-Foto zu verwenden. Die Profilbilder sind auch f\u00fcr externe Skype for Business Benutzerinnen und Benutzer sichtbar.<\/p>\n<p>&nbsp;<\/p>\n<p>Bitte laden Sie die <a href=\"http:\/\/www.komsg.ch\/s4b\/wp-content\/uploads\/2016\/08\/Anleitung_Upload.pdf\">Anleitung <\/a>f\u00fcr den Upload herunter und befolgen Sie die <a href=\"http:\/\/www.komsg.ch\/s4b\/wp-content\/uploads\/2016\/08\/Anleitung_Upload.pdf\">Anleitung <\/a>Schritt f\u00fcr Schritt.<\/p>\n<p>&nbsp;<\/p>\n<h2>WICHTIGES F\u00dcR DEN UPLOAD IHRES PROFILBILDS<\/h2>\n<p>Um Probleme beim Upload und der sp\u00e4teren Verwendung zu vermeiden, beachten Sie bitte folgende Punkte:<\/p>\n<ul>\n<li>Die Originalbildgr\u00f6sse betr\u00e4gt max. 8 MB.<\/li>\n<li>Bitte verwenden Sie ein .png oder .jpg Format (keine .tiff, .gif, .pdf Dateien).<\/li>\n<li>Vermeiden Sie Dateinamen mit Umlauten (\u00e4, \u00fc, \u00f6), Sonderzeichen und Leerschl\u00e4gen. Bitte verwenden Sie stattdessen ae, ue, oe und Unter-\/Bindestrich (z.B. mein_schoenes_bild.jpg).<\/li>\n<li>Vermeiden Sie Bilder mit vielen Details und Farben im Bildhintergrund. Dies k\u00f6nnte die Bildgr\u00f6sse erh\u00f6hen.<\/li>\n<\/ul>\n<p>&nbsp;<\/p>\n<p>Bei Fragen stehen wir Ihnen gerne zur Verf\u00fcgung.<\/p>\n<p>Ihr KOM SG Team<\/p>\n<p>&nbsp;<\/p>\n","protected":false},"excerpt":{"rendered":"<p>&nbsp; PROFILBILD F\u00dcR SKYPE FOR BUSINESS Ihr Profilbild kann sicher innerhalb eines passwortgesch\u00fctzten Bereichs der KOM SG Webseite hochgeladen werden. [&hellip;]<\/p>\n","protected":false},"author":1,"featured_media":0,"parent":0,"menu_order":0,"comment_status":"closed","ping_status":"open","template":"TMP_SUB_LINKS_OHNE_TITEL.php","meta":{"footnotes":""},"acf":[],"_links":{"self":[{"href":"https:\/\/www.komsg.ch\/s4b\/wp-json\/wp\/v2\/pages\/2"}],"collection":[{"href":"https:\/\/www.komsg.ch\/s4b\/wp-json\/wp\/v2\/pages"}],"about":[{"href":"https:\/\/www.komsg.ch\/s4b\/wp-json\/wp\/v2\/types\/page"}],"author":[{"embeddable":true,"href":"https:\/\/www.komsg.ch\/s4b\/wp-json\/wp\/v2\/users\/1"}],"replies":[{"embeddable":true,"href":"https:\/\/www.komsg.ch\/s4b\/wp-json\/wp\/v2\/comments?post=2"}],"version-history":[{"count":28,"href":"https:\/\/www.komsg.ch\/s4b\/wp-json\/wp\/v2\/pages\/2\/revisions"}],"predecessor-version":[{"id":183,"href":"https:\/\/www.komsg.ch\/s4b\/wp-json\/wp\/v2\/pages\/2\/revisions\/183"}],"wp:attachment":[{"href":"https:\/\/www.komsg.ch\/s4b\/wp-json\/wp\/v2\/media?parent=2"}],"curies":[{"name":"wp","href":"https:\/\/api.w.org\/{rel}","templated":true}]}}